{"id":173,"date":"2024-10-14T19:07:23","date_gmt":"2024-10-14T17:07:23","guid":{"rendered":"https:\/\/www.asa365.nu\/ny\/?page_id=173"},"modified":"2024-10-14T21:21:58","modified_gmt":"2024-10-14T19:21:58","slug":"nattvandring","status":"publish","type":"page","link":"https:\/\/www.asa365.nu\/ny\/nattvandring\/","title":{"rendered":"Nattvandring"},"content":{"rendered":"\n<div class=\"wp-block-group has-global-padding is-layout-constrained wp-block-group-is-layout-constrained\">\n<div class=\"wp-block-group is-nowrap is-layout-flex wp-container-core-group-is-layout-1 wp-block-group-is-layout-flex\">\n<blockquote class=\"wp-block-quote is-layout-flow wp-block-quote-is-layout-flow\">\n<p>Att nattvandra \u00e4r att bry sig. Som nattvandrare finns du d\u00e4r ungdomarna \u00e4r du \u00e4r synlig och tillg\u00e4nglig och kan hj\u00e4lpa till om det beh\u00f6vs. Du skapar f\u00f6rtroende och trygghet genom att st\u00e4lla upp f\u00f6r ungdomar som beh\u00f6ver st\u00f6d.<br>Det kan handla om att l\u00e5na ut mobilen, medla, pl\u00e5stra om, eller bara lyssna.<\/p>\n<\/blockquote>\n<\/div>\n\n\n\n<h2 class=\"wp-block-heading has-text-align-center\">Det h\u00e4r g\u00f6r \u00c5sa 365<\/h2>\n<\/div>\n\n\n\n<div class=\"wp-block-columns is-layout-flex wp-container-core-columns-is-layout-2 wp-block-columns-is-layout-flex\">\n<div class=\"wp-block-column is-layout-flow wp-block-column-is-layout-flow\" style=\"flex-basis:100%\">\n<div class=\"wp-block-group has-global-padding is-layout-constrained wp-block-group-is-layout-constrained\">\n<div class=\"wp-block-columns is-layout-flex wp-container-core-columns-is-layout-1 wp-block-columns-is-layout-flex\">\n<div class=\"wp-block-column is-layout-flow wp-block-column-is-layout-flow\" style=\"flex-basis:100%\">\n<div class=\"wp-block-group has-global-padding is-layout-constrained wp-block-group-is-layout-constrained\">\n<div class=\"wp-block-group is-nowrap is-layout-flex wp-container-core-group-is-layout-3 wp-block-group-is-layout-flex\">\n<p>Vi tycker det \u00e4r viktigt att f\u00f6r\u00e4ldrar bryr sig och finns d\u00e4r ungdomarna finns. Vi har d\u00e4rf\u00f6r utlyst en t\u00e4vling som fortl\u00f6per varje \u00e5r.&nbsp; \u00c5sa 365 delar ut ett pris p\u00e5 \u00c5sa-dagen och du kan vara med och bidra till priset.<\/p>\n\n\n\n<figure class=\"wp-block-image size-large is-style-rounded is-style-rounded--1\"><img loading=\"lazy\" decoding=\"async\" width=\"1024\" height=\"721\" src=\"https:\/\/www.asa365.nu\/ny\/wp-content\/uploads\/sites\/2\/2024\/10\/Prisutdelning-1024x721.jpg\" alt=\"\" class=\"wp-image-174\" srcset=\"https:\/\/www.asa365.nu\/ny\/wp-content\/uploads\/sites\/2\/2024\/10\/Prisutdelning-1024x721.jpg 1024w, https:\/\/www.asa365.nu\/ny\/wp-content\/uploads\/sites\/2\/2024\/10\/Prisutdelning-300x211.jpg 300w, https:\/\/www.asa365.nu\/ny\/wp-content\/uploads\/sites\/2\/2024\/10\/Prisutdelning-768x541.jpg 768w, https:\/\/www.asa365.nu\/ny\/wp-content\/uploads\/sites\/2\/2024\/10\/Prisutdelning.jpg 1466w\" sizes=\"auto, (max-width: 1024px) 100vw, 1024px\" \/><\/figure>\n<\/div>\n<\/div>\n<\/div>\n<\/div>\n<\/div>\n<\/div>\n<\/div>\n\n\n\n<div class=\"wp-block-group is-content-justification-space-between is-nowrap is-layout-flex wp-container-core-group-is-layout-6 wp-block-group-is-layout-flex\">\n<p>Det \u00e4r Klasserna i \u00e5rskurs 6, 7 och 8 som t\u00e4vlar i vilken klass som f\u00e5tt flest f\u00f6r\u00e4ldrar att g\u00e5 med i klassens schemalagda nattvandringar. Priset \u00e4r en rej\u00e4l slant till klasskassan. Varje klass har en v\u00e4rderingsfaktor baserad p\u00e5 antalet elever vid skolstarten som r\u00e4knas in vid bed\u00f6mningen av f\u00f6r\u00e4ldramedverkan och summan av prispengarna till klasskassan. T\u00e4vlingen p\u00e5g\u00e5r fr\u00e5n f\u00f6rsta nattvandringen till och med skolavslutningsfredagen. \u00c5rskurs 9 kan inte delta i t\u00e4vlingen eftersom priset delas ut vid kursstarten n\u00e4sta l\u00e4s\u00e5r.<\/p>\n<\/div>\n\n\n\n<div class=\"wp-block-buttons is-layout-flex wp-block-buttons-is-layout-flex\">\n<div class=\"wp-block-button has-custom-font-size is-style-fill has-small-font-size\"><a class=\"wp-block-button__link has-background wp-element-button\" href=\"https:\/\/www.facebook.com\/groups\/nattvandrare\" style=\"background-color:#0063ff\" target=\"_blank\" rel=\"noreferrer noopener\">Bes\u00f6k Nattvandrarna \u00c5sa p\u00e5 Facebook<\/a><\/div>\n<\/div>\n\n\n\n<p><\/p>\n","protected":false},"excerpt":{"rendered":"<p>Att nattvandra \u00e4r att bry sig. Som nattvandrare finns du d\u00e4r ungdomarna \u00e4r du \u00e4r synlig och tillg\u00e4nglig och kan hj\u00e4lpa till om det beh\u00f6vs. Du skapar f\u00f6rtroende och trygghet genom att st\u00e4lla upp f\u00f6r ungdomar som beh\u00f6ver st\u00f6d.Det kan handla om att l\u00e5na ut mobilen, medla, pl\u00e5stra om, eller bara lyssna. Det h\u00e4r g\u00f6r [&hellip;]<\/p>\n","protected":false},"author":1,"featured_media":0,"parent":0,"menu_order":25,"comment_status":"closed","ping_status":"closed","template":"page-no-title","meta":{"ngg_post_thumbnail":0,"footnotes":""},"class_list":["post-173","page","type-page","status-publish","hentry"],"_links":{"self":[{"href":"https:\/\/www.asa365.nu\/ny\/wp-json\/wp\/v2\/pages\/173","targetHints":{"allow":["GET"]}}],"collection":[{"href":"https:\/\/www.asa365.nu\/ny\/wp-json\/wp\/v2\/pages"}],"about":[{"href":"https:\/\/www.asa365.nu\/ny\/wp-json\/wp\/v2\/types\/page"}],"author":[{"embeddable":true,"href":"https:\/\/www.asa365.nu\/ny\/wp-json\/wp\/v2\/users\/1"}],"replies":[{"embeddable":true,"href":"https:\/\/www.asa365.nu\/ny\/wp-json\/wp\/v2\/comments?post=173"}],"version-history":[{"count":22,"href":"https:\/\/www.asa365.nu\/ny\/wp-json\/wp\/v2\/pages\/173\/revisions"}],"predecessor-version":[{"id":257,"href":"https:\/\/www.asa365.nu\/ny\/wp-json\/wp\/v2\/pages\/173\/revisions\/257"}],"wp:attachment":[{"href":"https:\/\/www.asa365.nu\/ny\/wp-json\/wp\/v2\/media?parent=173"}],"curies":[{"name":"wp","href":"https:\/\/api.w.org\/{rel}","templated":true}]}}

<div class="wp-block-group has-global-padding is-layout-constrained wp-block-group-is-layout-constrained">
<div class="wp-block-group is-nowrap is-layout-flex wp-container-core-group-is-layout-1 wp-block-group-is-layout-flex">
<blockquote class="wp-block-quote is-layout-flow wp-block-quote-is-layout-flow">
<p>Att nattvandra är att bry sig. Som nattvandrare finns du där ungdomarna är du är synlig och tillgänglig och kan hjälpa till om det behövs. Du skapar förtroende och trygghet genom att ställa upp för ungdomar som behöver stöd.<br>Det kan handla om att låna ut mobilen, medla, plåstra om, eller bara lyssna.</p>
</blockquote>
</div>



<h2 class="wp-block-heading has-text-align-center">Det här gör Åsa 365</h2>
</div>



<div class="wp-block-columns is-layout-flex wp-container-core-columns-is-layout-2 wp-block-columns-is-layout-flex">
<div class="wp-block-column is-layout-flow wp-block-column-is-layout-flow" style="flex-basis:100%">
<div class="wp-block-group has-global-padding is-layout-constrained wp-block-group-is-layout-constrained">
<div class="wp-block-columns is-layout-flex wp-container-core-columns-is-layout-1 wp-block-columns-is-layout-flex">
<div class="wp-block-column is-layout-flow wp-block-column-is-layout-flow" style="flex-basis:100%">
<div class="wp-block-group has-global-padding is-layout-constrained wp-block-group-is-layout-constrained">
<div class="wp-block-group is-nowrap is-layout-flex wp-container-core-group-is-layout-3 wp-block-group-is-layout-flex">
<p>Vi tycker det är viktigt att föräldrar bryr sig och finns där ungdomarna finns. Vi har därför utlyst en tävling som fortlöper varje år.&nbsp; Åsa 365 delar ut ett pris på Åsa-dagen och du kan vara med och bidra till priset.</p>



<figure class="wp-block-image size-large is-style-rounded is-style-rounded--1"><img loading="lazy" decoding="async" width="1024" height="721" src="https://www.asa365.nu/ny/wp-content/uploads/sites/2/2024/10/Prisutdelning-1024x721.jpg" alt="" class="wp-image-174" srcset="https://www.asa365.nu/ny/wp-content/uploads/sites/2/2024/10/Prisutdelning-1024x721.jpg 1024w, https://www.asa365.nu/ny/wp-content/uploads/sites/2/2024/10/Prisutdelning-300x211.jpg 300w, https://www.asa365.nu/ny/wp-content/uploads/sites/2/2024/10/Prisutdelning-768x541.jpg 768w, https://www.asa365.nu/ny/wp-content/uploads/sites/2/2024/10/Prisutdelning.jpg 1466w" sizes="auto, (max-width: 1024px) 100vw, 1024px" /></figure>
</div>
</div>
</div>
</div>
</div>
</div>
</div>



<div class="wp-block-group is-content-justification-space-between is-nowrap is-layout-flex wp-container-core-group-is-layout-6 wp-block-group-is-layout-flex">
<p>Det är Klasserna i årskurs 6, 7 och 8 som tävlar i vilken klass som fått flest föräldrar att gå med i klassens schemalagda nattvandringar. Priset är en rejäl slant till klasskassan. Varje klass har en värderingsfaktor baserad på antalet elever vid skolstarten som räknas in vid bedömningen av föräldramedverkan och summan av prispengarna till klasskassan. Tävlingen pågår från första nattvandringen till och med skolavslutningsfredagen. Årskurs 9 kan inte delta i tävlingen eftersom priset delas ut vid kursstarten nästa läsår.</p>
</div>



<div class="wp-block-buttons is-layout-flex wp-block-buttons-is-layout-flex">
<div class="wp-block-button has-custom-font-size is-style-fill has-small-font-size"><a class="wp-block-button__link has-background wp-element-button" href="https://www.facebook.com/groups/nattvandrare" style="background-color:#0063ff" target="_blank" rel="noreferrer noopener">Besök Nattvandrarna Åsa på Facebook</a></div>
</div>



<p></p>

<p>Att nattvandra är att bry sig. Som nattvandrare finns du där ungdomarna är du är synlig och tillgänglig och kan hjälpa till om det behövs. Du skapar förtroende och trygghet genom att ställa upp för ungdomar som behöver stöd.Det kan handla om att låna ut mobilen, medla, plåstra om, eller bara lyssna. Det här gör [&hellip;]</p>
